{"id":3990,"date":"2018-11-23T04:29:23","date_gmt":"2018-11-23T04:29:23","guid":{"rendered":"http:\/\/nicolasdescoteaux.com\/?page_id=3990"},"modified":"2019-04-16T14:19:37","modified_gmt":"2019-04-16T14:19:37","slug":"1-camillien-houde","status":"publish","type":"page","link":"http:\/\/nicolasdescoteaux.com\/?page_id=3990","title":{"rendered":"1- Camillien Houde"},"content":{"rendered":"<div class=\"wpb-content-wrapper\"><p>[vc_row][vc_column][vc_gallery type=&#8221;flexslider_slide&#8221; interval=&#8221;0&#8243; images=&#8221;4901,4902,4903,4904,4905,4906,4907,4908,4909,4910,4911,4912,4913,4914,4915,4916&#8243; img_size=&#8221;full&#8221; onclick=&#8221;&#8221; css_animation=&#8221;slideInDown&#8221;][\/vc_column][\/vc_row][vc_row][vc_column][vc_custom_heading text=&#8221;CAM\u00c9LLIEN HOUDE|LE P&#8217;TIT GARS DE SAINTE-MARIE&#8221; font_container=&#8221;tag:h1|text_align:left&#8221; use_theme_fonts=&#8221;yes&#8221; css_animation=&#8221;cms_animate wow slideInRight&#8221; cms_custom_headding_type=&#8221;heading-borderleft-textbold&#8221;][\/vc_column][\/vc_row][vc_row row_mask_bg=&#8221;&#8221; row_arrow=&#8221;&#8221; css=&#8221;.vc_custom_1518409839979{padding-top: 30px !important;}&#8221;][vc_column width=&#8221;1\/2&#8243;][vc_column_text css=&#8221;.vc_custom_1555424374455{padding-left: 30px !important;}&#8221;]&nbsp;<\/p>\n<p><strong>Texte :\u00a0<\/strong>Alexis Martin<\/p>\n<p><strong>Mise en sc\u00e8ne :<\/strong> Daniel Bri\u00e8re et Geoffrey Gaqu\u00e8re<\/p>\n<p>&nbsp;<\/p>\n<p><strong>Sc\u00e9nographie : <\/strong>Jean Bard<\/p>\n<p><strong>Costumes :<\/strong>\u00a0Catherine Gauthier<\/p>\n<p><strong>Lumi\u00e8res :<\/strong> Nicolas Desc\u00f4teaux<\/p>\n<p><strong>Musiques et sons<\/strong> : Anthony Rozankovic<\/p>\n<p><strong>Vid\u00e9o :<\/strong> Pierre Laniel<\/p>\n<p><strong>Photos :\u00a0<\/strong>\u00a9 Nicolas Descoteaux<\/p>\n<p>&nbsp;<\/p>\n<p><strong>PRODUCTION :<\/strong>\u00a0NOUVEAU TH\u00c9\u00c2TRE EXP\u00c9RIMENTAL, 2017-2018[\/vc_column_text][\/vc_column][vc_column width=&#8221;1\/2&#8243;][vc_custom_heading text=&#8221;Description | Citations&#8221; font_container=&#8221;tag:h3|text_align:left&#8221; use_theme_fonts=&#8221;yes&#8221;][vc_column_text]Camillien Houde, dit \u00ab Monsieur Montr\u00e9al \u00bb ou \u00ab le p\u2019tit gars de Sainte-Marie \u00bb, est l\u2019un des maires ayant dirig\u00e9 la ville le plus longtemps. Il est le premier politicien d\u2019envergure nationale issu d\u2019un milieu tr\u00e8s d\u00e9favoris\u00e9, un monde ouvrier qui n\u2019avait pas voix au chapitre. D\u2019ailleurs, les \u00e9lites politiques de l\u2019\u00e9poque ne se g\u00eaneront pas pour moquer et railler ce fils d\u2019ouvrier qui a v\u00e9cu dans les pires taudis de la ville et dont la famille fut d\u00e9cim\u00e9e par la tuberculose. Houde a toujours eu \u00e0 c\u0153ur le \u00ab petit peuple \u00bb, allant jusqu\u2019\u00e0 se faire interner pour avoir d\u00e9nonc\u00e9 la conscription.[\/vc_column_text][\/vc_column][\/vc_row]<\/p>\n<\/div>","protected":false},"excerpt":{"rendered":"<p>[vc_row][vc_column][vc_gallery type=&#8221;flexslider_slide&#8221; interval=&#8221;0&#8243; images=&#8221;4901,4902,4903,4904,4905,4906,4907,4908,4909,4910,4911,4912,4913,4914,4915,4916&#8243; img_size=&#8221;full&#8221; onclick=&#8221;&#8221; css_animation=&#8221;slideInDown&#8221;][\/vc_column][\/vc_row][vc_row][vc_column][vc_custom_heading text=&#8221;CAM\u00c9LLIEN HOUDE|LE P&#8217;TIT GARS DE SAINTE-MARIE&#8221; font_container=&#8221;tag:h1|text_align:left&#8221; use_theme_fonts=&#8221;yes&#8221; css_animation=&#8221;cms_animate wow slideInRight&#8221; cms_custom_headding_type=&#8221;heading-borderleft-textbold&#8221;][\/vc_column][\/vc_row][vc_row row_mask_bg=&#8221;&#8221; row_arrow=&#8221;&#8221; css=&#8221;.vc_custom_1518409839979{padding-top: 30px !important;}&#8221;][vc_column width=&#8221;1\/2&#8243;][vc_column_text<\/p>\n","protected":false},"author":1,"featured_media":0,"parent":3256,"menu_order":0,"comment_status":"closed","ping_status":"closed","template":"","meta":[],"_links":{"self":[{"href":"http:\/\/nicolasdescoteaux.com\/index.php?rest_route=\/wp\/v2\/pages\/3990"}],"collection":[{"href":"http:\/\/nicolasdescoteaux.com\/index.php?rest_route=\/wp\/v2\/pages"}],"about":[{"href":"http:\/\/nicolasdescoteaux.com\/index.php?rest_route=\/wp\/v2\/types\/page"}],"author":[{"embeddable":true,"href":"http:\/\/nicolasdescoteaux.com\/index.php?rest_route=\/wp\/v2\/users\/1"}],"replies":[{"embeddable":true,"href":"http:\/\/nicolasdescoteaux.com\/index.php?rest_route=%2Fwp%2Fv2%2Fcomments&post=3990"}],"version-history":[{"count":6,"href":"http:\/\/nicolasdescoteaux.com\/index.php?rest_route=\/wp\/v2\/pages\/3990\/revisions"}],"predecessor-version":[{"id":4917,"href":"http:\/\/nicolasdescoteaux.com\/index.php?rest_route=\/wp\/v2\/pages\/3990\/revisions\/4917"}],"up":[{"embeddable":true,"href":"http:\/\/nicolasdescoteaux.com\/index.php?rest_route=\/wp\/v2\/pages\/3256"}],"wp:attachment":[{"href":"http:\/\/nicolasdescoteaux.com\/index.php?rest_route=%2Fwp%2Fv2%2Fmedia&parent=3990"}],"curies":[{"name":"wp","href":"https:\/\/api.w.org\/{rel}","templated":true}]}}