{"id":3970,"date":"2018-11-11T10:22:35","date_gmt":"2018-11-11T10:22:35","guid":{"rendered":"http:\/\/nicolasdescoteaux.com\/?page_id=3970"},"modified":"2018-11-24T19:50:24","modified_gmt":"2018-11-24T19:50:24","slug":"1-ecoutez-nos-defaites","status":"publish","type":"page","link":"http:\/\/nicolasdescoteaux.com\/?page_id=3970","title":{"rendered":"1- \u00c9coutez nos d\u00e9faites"},"content":{"rendered":"<div class=\"wpb-content-wrapper\"><p>[vc_row][vc_column][vc_gallery type=&#8221;flexslider_slide&#8221; interval=&#8221;0&#8243; images=&#8221;4022,4023,4024,4025,4026,4027,4028,4029,4030,4031,4032,4033&#8243; img_size=&#8221;full&#8221; onclick=&#8221;&#8221; css_animation=&#8221;slideInDown&#8221;][\/vc_column][\/vc_row][vc_row][vc_column][vc_custom_heading text=&#8221;\u00c9COUTEZ NOS |D\u00c9FAITES&#8221; font_container=&#8221;tag:h1|text_align:left&#8221; use_theme_fonts=&#8221;yes&#8221; css_animation=&#8221;cms_animate wow slideInRight&#8221; cms_custom_headding_type=&#8221;heading-borderleft-textbold&#8221;][\/vc_column][\/vc_row][vc_row row_mask_bg=&#8221;&#8221; row_arrow=&#8221;&#8221; css=&#8221;.vc_custom_1518409839979{padding-top: 30px !important;}&#8221;][vc_column width=&#8221;1\/2&#8243;][vc_column_text css=&#8221;.vc_custom_1543087691861{padding-left: 30px !important;}&#8221;]&nbsp;<\/p>\n<p><strong>Mise en sc\u00e8ne :\u00a0Roland Auzet<\/strong><\/p>\n<p><strong>Adaptation : <\/strong>Agathe Bioul\u00e8s<br \/>\net Laurent Gaud\u00e9<\/p>\n<p>&nbsp;<\/p>\n<p><strong>Assistance aux costumes<br \/>\net \u00e0 la sc\u00e9nographie :<br \/>\n<\/strong>Fruzsina Lanyi<\/p>\n<p><strong>Lumi\u00e8res :<\/strong> Nicolas Desc\u00f4teaux<\/p>\n<p><strong>Musiques : <\/strong>Roland Auzet<\/p>\n<p><strong>Vid\u00e9o : <\/strong>Pierre Laniel<\/p>\n<p><strong>Photos :<\/strong> \u00a9 Nicolas Desc\u00f4teaux<\/p>\n<p>&nbsp;<\/p>\n<p><strong>PRODUCTION :<\/strong> TH\u00c9\u00c2TRE PROSPERO, 2018[\/vc_column_text][\/vc_column][vc_column width=&#8221;1\/2&#8243;][vc_custom_heading text=&#8221;Description | Citations&#8221; font_container=&#8221;tag:h3|text_align:left&#8221; use_theme_fonts=&#8221;yes&#8221;][vc_column_text]Ce r\u00e9cit br\u00fblant de la guerre et de la destruction, o\u00f9 s\u2019entrem\u00ealent l\u2019histoire et la fiction, nous plonge dans les vertiges de nos vies. Car c\u2019est bien de nous aussi dont il est question. Qu\u2019est-ce que perdre ? Qu\u2019est-ce que gagner ?<\/p>\n<p>&nbsp;<\/p>\n<p>Sur sc\u00e8ne, aux moyens de dispositifs vid\u00e9o et audio, tous deux entrent en contact. Au fil de leurs \u00e9changes, puis dans un face \u00e0 face r\u00e9el, ils se reconnaissent et cherchent \u00e0 trouver un sens aux conflits guerriers auxquels ils ont pris part.<\/p>\n<p>&nbsp;<\/p>\n<p>[\/vc_column_text][\/vc_column][\/vc_row][vc_row row_mask_bg=&#8221;&#8221; row_arrow=&#8221;&#8221; css=&#8221;.vc_custom_1518423354950{padding-top: 40px !important;}&#8221;][vc_column][vc_text_separator title=&#8221;PRESSE&#8221;][\/vc_column][\/vc_row][vc_row][vc_column][vc_column_text css=&#8221;.vc_custom_1542008500059{padding-top: 20px !important;padding-bottom: 20px !important;}&#8221;]<em>&#8220;L\u2019alchimie entre Arcand et Vin\u00e7on est remarquable\u00a0: \u00e0 certains moments, les deux com\u00e9diens semblent litt\u00e9ralement bombarder le public de r\u00e9pliques assez cinglantes.&#8221;<\/em><\/p>\n<p>Alexane Roy, <strong>MonTh\u00e9atre.qc.ca<\/strong>[\/vc_column_text][\/vc_column][\/vc_row]<\/p>\n<\/div>","protected":false},"excerpt":{"rendered":"<p>[vc_row][vc_column][vc_gallery type=&#8221;flexslider_slide&#8221; interval=&#8221;0&#8243; images=&#8221;4022,4023,4024,4025,4026,4027,4028,4029,4030,4031,4032,4033&#8243; img_size=&#8221;full&#8221; onclick=&#8221;&#8221; css_animation=&#8221;slideInDown&#8221;][\/vc_column][\/vc_row][vc_row][vc_column][vc_custom_heading text=&#8221;\u00c9COUTEZ NOS |D\u00c9FAITES&#8221; font_container=&#8221;tag:h1|text_align:left&#8221; use_theme_fonts=&#8221;yes&#8221; css_animation=&#8221;cms_animate wow slideInRight&#8221; cms_custom_headding_type=&#8221;heading-borderleft-textbold&#8221;][\/vc_column][\/vc_row][vc_row row_mask_bg=&#8221;&#8221; row_arrow=&#8221;&#8221; css=&#8221;.vc_custom_1518409839979{padding-top: 30px !important;}&#8221;][vc_column width=&#8221;1\/2&#8243;][vc_column_text css=&#8221;.vc_custom_1543087691861{padding-left: 30px !important;}&#8221;]&nbsp;<\/p>\n","protected":false},"author":1,"featured_media":0,"parent":3256,"menu_order":0,"comment_status":"closed","ping_status":"closed","template":"","meta":[],"_links":{"self":[{"href":"http:\/\/nicolasdescoteaux.com\/index.php?rest_route=\/wp\/v2\/pages\/3970"}],"collection":[{"href":"http:\/\/nicolasdescoteaux.com\/index.php?rest_route=\/wp\/v2\/pages"}],"about":[{"href":"http:\/\/nicolasdescoteaux.com\/index.php?rest_route=\/wp\/v2\/types\/page"}],"author":[{"embeddable":true,"href":"http:\/\/nicolasdescoteaux.com\/index.php?rest_route=\/wp\/v2\/users\/1"}],"replies":[{"embeddable":true,"href":"http:\/\/nicolasdescoteaux.com\/index.php?rest_route=%2Fwp%2Fv2%2Fcomments&post=3970"}],"version-history":[{"count":4,"href":"http:\/\/nicolasdescoteaux.com\/index.php?rest_route=\/wp\/v2\/pages\/3970\/revisions"}],"predecessor-version":[{"id":4034,"href":"http:\/\/nicolasdescoteaux.com\/index.php?rest_route=\/wp\/v2\/pages\/3970\/revisions\/4034"}],"up":[{"embeddable":true,"href":"http:\/\/nicolasdescoteaux.com\/index.php?rest_route=\/wp\/v2\/pages\/3256"}],"wp:attachment":[{"href":"http:\/\/nicolasdescoteaux.com\/index.php?rest_route=%2Fwp%2Fv2%2Fmedia&parent=3970"}],"curies":[{"name":"wp","href":"https:\/\/api.w.org\/{rel}","templated":true}]}}