{"id":3528,"date":"2018-05-25T14:45:10","date_gmt":"2018-05-25T14:45:10","guid":{"rendered":"http:\/\/nicolasdescoteaux.com\/?page_id=3528"},"modified":"2018-12-01T00:32:00","modified_gmt":"2018-12-01T00:32:00","slug":"1-moitie","status":"publish","type":"page","link":"http:\/\/nicolasdescoteaux.com\/?page_id=3528","title":{"rendered":"1- Moiti\u00e9"},"content":{"rendered":"<div class=\"wpb-content-wrapper\"><p>[vc_row][vc_column][vc_gallery type=&#8221;flexslider_slide&#8221; interval=&#8221;0&#8243; images=&#8221;4317,4331,4330,4329,4328,4327,4326,4325,4324,4322,4320,4319,4318&#8243; img_size=&#8221;full&#8221; onclick=&#8221;&#8221; css_animation=&#8221;slideInDown&#8221;][\/vc_column][\/vc_row][vc_row][vc_column offset=&#8221;vc_col-sm-offset-1 vc_col-xs-offset-1 vc_col-xs-12&#8243;][vc_custom_heading text=&#8221;MOITI\u00c9 -|MOITI\u00c9&#8221; font_container=&#8221;tag:h1|text_align:left&#8221; use_theme_fonts=&#8221;yes&#8221; css_animation=&#8221;cms_animate wow slideInRight&#8221; cms_custom_headding_type=&#8221;heading-borderleft-textbold&#8221;][\/vc_column][\/vc_row][vc_row row_mask_bg=&#8221;&#8221; row_arrow=&#8221;&#8221; css=&#8221;.vc_custom_1518409839979{padding-top: 30px !important;}&#8221;][vc_column width=&#8221;1\/2&#8243;][vc_column_text css=&#8221;.vc_custom_1541344011002{padding-left: 30px !important;}&#8221;]<strong>Texte :<\/strong> <span class=\"style_1\">Daniel Keene<\/span><\/p>\n<p><strong>Mise en sc\u00e8ne :<\/strong> Kristian Fredric<\/p>\n<p><span class=\"style_1\"><strong>Dramaturgie :<\/strong> Denis Lavalou<\/span><\/p>\n<p><span class=\"style_1\"><strong>Mise en corps :<\/strong> Laurence Levasseur<\/span><\/p>\n<p><strong>Sc\u00e9nographie :\u00a0<span class=\"style_1\">Charles-Antoine Roy<\/span><\/strong><\/p>\n<p><strong>Costumes :<\/strong>\u00a0<span class=\"style_1\">Anne S\u00e9guin Poirier<\/span><\/p>\n<p><strong>Lumi\u00e8res :<\/strong> Nicolas Desc\u00f4teaux<\/p>\n<p><strong>Son :<\/strong> <span class=\"style_1\">Larsen Lupin<\/span><\/p>\n<p><span class=\"style_1\"><strong>Maquillage :<\/strong> Florence Cornet<\/span><\/p>\n<p><strong>Photos :<\/strong> \u00a9 Nicolas Desc\u00f4teaux<\/p>\n<p>&nbsp;<\/p>\n<p><strong>PRODUCTION :\u00a0<\/strong><span class=\"style_1\">L\u00e9zards qui bougent, Th\u00e9\u00e2tre complice, Les c\u00e9l\u00e9brants, Usine C<br \/>\n<\/span><\/p>\n<p class=\"paragraph_style_1\"><span class=\"style_1\">Montr\u00e9al, 2007<\/span><\/p>\n<p class=\"paragraph_style_1\"><span class=\"style_1\">France, Suisse, Belgique, 2008<\/span><\/p>\n<p class=\"paragraph_style_1\">[\/vc_column_text][\/vc_column][vc_column width=&#8221;1\/2&#8243;][vc_custom_heading text=&#8221;Description | Citations&#8221; font_container=&#8221;tag:h3|text_align:left&#8221; use_theme_fonts=&#8221;yes&#8221;][vc_column_text]<\/p>\n<p class=\"paragraph_style_1\"><span class=\"style_1\">Lorsque l\u2019on travaille avec Kristian Fredric, les r\u00e9f\u00e9rences foisonnent, et la recherche visuelle\u00a0 essentielle s\u2019articule autour de ces th\u00e8mes.\u00a0 D\u00e8s le d\u00e9part, le peintre qu\u00e9b\u00e9cois Louis-Pierre Bougie sera notre inspiration pour la palette des couleurs, l\u2019univers \u00e9trange du photographe Gregory Crewdson pour le d\u00e9cor et la lumi\u00e8re, le peintre Beacon pour son \u00e9tranget\u00e9, puis Edward Hooper pour ses belles ombres et lumi\u00e8res.<br \/>\n<\/span><\/p>\n<p>&nbsp;<\/p>\n<p class=\"paragraph_style_1\"><span class=\"style_1\">C\u2019est une pi\u00e8ce \u00e9trange o\u00f9 est expos\u00e9e la rencontre de deux fr\u00e8res oppos\u00e9s par la vie, par 20 ans en diff\u00e9rence d\u2019\u00e2ge, et qui ne sont pas vus depuis 10 ans.\u00a0 La cuisine devient tant\u00f4t le lieu de r\u00e9conciliation, tant\u00f4t le jardin commun, tant\u00f4t le lieu de s\u00e9pulture de la m\u00e8re qui mourut durant l\u2019exil du fr\u00e8re a\u00een\u00e9.\u00a0 \u00c0 la fin, un arbre au milieu de la cuisine, sans mur, dans ce No Man\u2019s Land, les deux fr\u00e8res se rencontrent pour ne faire qu\u2019un.<\/span><\/p>\n<p>[\/vc_column_text][\/vc_column][\/vc_row][vc_row row_mask_bg=&#8221;&#8221; row_arrow=&#8221;&#8221; css=&#8221;.vc_custom_1518423354950{padding-top: 40px !important;}&#8221;][vc_column][vc_text_separator title=&#8221;PRESSE&#8221;][\/vc_column][\/vc_row][vc_row][vc_column][vc_column_text css=&#8221;.vc_custom_1541343782698{padding-top: 20px !important;padding-bottom: 20px !important;}&#8221;][\/vc_column_text][\/vc_column][\/vc_row]<\/p>\n<\/div>","protected":false},"excerpt":{"rendered":"<p>[vc_row][vc_column][vc_gallery type=&#8221;flexslider_slide&#8221; interval=&#8221;0&#8243; images=&#8221;4317,4331,4330,4329,4328,4327,4326,4325,4324,4322,4320,4319,4318&#8243; img_size=&#8221;full&#8221; onclick=&#8221;&#8221; css_animation=&#8221;slideInDown&#8221;][\/vc_column][\/vc_row][vc_row][vc_column offset=&#8221;vc_col-sm-offset-1 vc_col-xs-offset-1 vc_col-xs-12&#8243;][vc_custom_heading text=&#8221;MOITI\u00c9 -|MOITI\u00c9&#8221; font_container=&#8221;tag:h1|text_align:left&#8221; use_theme_fonts=&#8221;yes&#8221; css_animation=&#8221;cms_animate wow slideInRight&#8221; cms_custom_headding_type=&#8221;heading-borderleft-textbold&#8221;][\/vc_column][\/vc_row][vc_row row_mask_bg=&#8221;&#8221; row_arrow=&#8221;&#8221; css=&#8221;.vc_custom_1518409839979{padding-top: 30px !important;}&#8221;][vc_column width=&#8221;1\/2&#8243;][vc_column_text css=&#8221;.vc_custom_1541344011002{padding-left:<\/p>\n","protected":false},"author":1,"featured_media":0,"parent":3256,"menu_order":0,"comment_status":"closed","ping_status":"closed","template":"","meta":[],"_links":{"self":[{"href":"http:\/\/nicolasdescoteaux.com\/index.php?rest_route=\/wp\/v2\/pages\/3528"}],"collection":[{"href":"http:\/\/nicolasdescoteaux.com\/index.php?rest_route=\/wp\/v2\/pages"}],"about":[{"href":"http:\/\/nicolasdescoteaux.com\/index.php?rest_route=\/wp\/v2\/types\/page"}],"author":[{"embeddable":true,"href":"http:\/\/nicolasdescoteaux.com\/index.php?rest_route=\/wp\/v2\/users\/1"}],"replies":[{"embeddable":true,"href":"http:\/\/nicolasdescoteaux.com\/index.php?rest_route=%2Fwp%2Fv2%2Fcomments&post=3528"}],"version-history":[{"count":3,"href":"http:\/\/nicolasdescoteaux.com\/index.php?rest_route=\/wp\/v2\/pages\/3528\/revisions"}],"predecessor-version":[{"id":4378,"href":"http:\/\/nicolasdescoteaux.com\/index.php?rest_route=\/wp\/v2\/pages\/3528\/revisions\/4378"}],"up":[{"embeddable":true,"href":"http:\/\/nicolasdescoteaux.com\/index.php?rest_route=\/wp\/v2\/pages\/3256"}],"wp:attachment":[{"href":"http:\/\/nicolasdescoteaux.com\/index.php?rest_route=%2Fwp%2Fv2%2Fmedia&parent=3528"}],"curies":[{"name":"wp","href":"https:\/\/api.w.org\/{rel}","templated":true}]}}