{"id":3377,"date":"2018-05-25T11:03:04","date_gmt":"2018-05-25T11:03:04","guid":{"rendered":"http:\/\/nicolasdescoteaux.com\/?page_id=3377"},"modified":"2019-04-16T14:57:34","modified_gmt":"2019-04-16T14:57:34","slug":"2-fando-et-lis","status":"publish","type":"page","link":"http:\/\/nicolasdescoteaux.com\/?page_id=3377","title":{"rendered":"2- Fando et Lis"},"content":{"rendered":"<div class=\"wpb-content-wrapper\"><p>[vc_row][vc_column][vc_gallery type=&#8221;flexslider_slide&#8221; interval=&#8221;0&#8243; images=&#8221;4388,4387,4384,4383,4389,4390,4391,4392,4385,4393,4394,4396,4386,4395,4397,4398&#8243; img_size=&#8221;full&#8221; onclick=&#8221;&#8221; css_animation=&#8221;slideInDown&#8221;][\/vc_column][\/vc_row][vc_row][vc_column][vc_custom_heading text=&#8221;FANDO ET LIS|OPERA DE SAINT-\u00c9TIENNE&#8221; font_container=&#8221;tag:h1|text_align:left&#8221; use_theme_fonts=&#8221;yes&#8221; css_animation=&#8221;cms_animate wow slideInRight&#8221; cms_custom_headding_type=&#8221;heading-borderleft-textbold&#8221;][\/vc_column][\/vc_row][vc_row row_mask_bg=&#8221;&#8221; row_arrow=&#8221;&#8221; css=&#8221;.vc_custom_1541351925518{padding-top: 30px !important;}&#8221;][vc_column width=&#8221;1\/2&#8243;][vc_column_text css=&#8221;.vc_custom_1541371879481{padding-left: 30px !important;}&#8221;]<strong>Musique :<\/strong> Benoit Menut<\/p>\n<p><strong>Direction musicale :<\/strong> Daniel Kwaka<\/p>\n<p>&nbsp;<\/p>\n<p><strong>Mise en sc\u00e8ne :<\/strong> Kristian Fr\u00e9dric<\/p>\n<p><strong>Sc\u00e9nographie : <\/strong>Fabien Teign\u00e9<\/p>\n<p><strong>Costumes :<\/strong> Maril\u00e8ne Bastien<\/p>\n<p><strong>Lumi\u00e8res :<\/strong> Nicolas Desc\u00f4teaux<\/p>\n<p>&nbsp;<\/p>\n<p><strong>Photos :<\/strong> \u00a9 Nicolas Desc\u00f4teaux<\/p>\n<p>&nbsp;<\/p>\n<p><strong>PRODUCTION :<\/strong> OPERA DE SAINT-\u00c9TIENNE, 2018[\/vc_column_text][\/vc_column][vc_column width=&#8221;1\/2&#8243;][vc_custom_heading text=&#8221;Extraits | Synopsis&#8221; font_container=&#8221;tag:h3|text_align:left&#8221; use_theme_fonts=&#8221;yes&#8221;][vc_column_text]<span class=\"italic\">\u00ab Ville de hy\u00e8nes et de chiens, aux oiseaux pris au pi\u00e8ge.\u00a0Ville-miroir, aux fant\u00f4mes qui cognent. Et ma peur dans leurs reflets, tourne, tourne, tourne comme un man\u00e8ge.\u2009\u00bb\u00a0<\/span><br \/>\n<span class=\"italic\">Fando et Lis<\/span>, 5e tableau<\/p>\n<p>&nbsp;<\/p>\n<p>\u00c0 la cruaut\u00e9 de ces villes-mondes d\u2019une humanit\u00e9 en souffrance, Fando et Lis pr\u00e9f\u00e8rent l\u2019espoir d\u2019un ailleurs, m\u00eame si celui-ci doit demeurer parfaitement incertain. Fable d\u2019un monde post-apocalyptique, o\u00f9 Lis demeure la derni\u00e8re femme, l\u2019\u0153uvre exprime toute la solitude et l\u2019errance de l\u2019Homme, \u00e0 l\u2019approche du vide.\u00a0D\u2019apr\u00e8s la pi\u00e8ce homonyme de Fernando Arrabal, cet\u00a0op\u00e9ra en six tableaux est une commande de l\u2019Op\u00e9ra de\u00a0Saint-\u00c9tienne \u00e0 Beno\u00eet Menut, laur\u00e9at du Grand Prix SACEM 2016 de la musique symphonique (jeune compositeur).[\/vc_column_text][\/vc_column][\/vc_row][vc_row row_mask_bg=&#8221;&#8221; row_arrow=&#8221;&#8221; css=&#8221;.vc_custom_1518423354950{padding-top: 40px !important;}&#8221;][vc_column][vc_text_separator title=&#8221;PRESSE&#8221;][\/vc_column][\/vc_row][vc_row][vc_column][vc_column_text]<span class=\"Apple-converted-space\">\u00a0&#8221;\u00a0<\/span>Souvent tamis\u00e9es et aux effets discrets, les lumi\u00e8res de Nicolas Descoteaux mettent parfaitement, et avec intelligence, en valeur les protagonistes ou les lieux de la sc\u00e8ne qui doivent \u00eatre regard\u00e9s naturellement du public. \u201c<\/p>\n<p>Emmanuel Deroeux, <b>Olyrix.com<\/b><\/p>\n<p>&nbsp;<\/p>\n<p>\u201c &#8230; ce splendide dernier tableau (zoom sur ville en mouvement, superbement d\u00e9voil\u00e9e par la palette cr\u00e9pusculaire de Nicolas Descoteaux, se fermant sur elle-m\u00eame) balaie \u00e0 lui seul bien des r\u00e9serves.. \u201c<\/p>\n<p>Jean-Luc Clairet, <b>ResMusica.com<\/b><\/p>\n<p>&nbsp;<\/p>\n<p>&#8230; les d\u00e9cors de Fabien Teign\u00e9, avec les sombres lumi\u00e8res \u00e9pileptiques de Nicolas Descoteaux, instaurent une atmosph\u00e8re tout \u00e0 fait apocalyptique et d\u00e9solante. \u201c<\/p>\n<p>Sabino Pena Arcia, <b>Classicanews.com<\/b><\/p>\n<p>&nbsp;<\/p>\n<p>\u201c Le d\u00e9cor pivotant, magnifiquement \u00e9clair\u00e9, les costumes pertinents, le tout made in Saint-\u00c9tienne, contribuent \u00e0 brosser ce tableau angoissant si cruel \u201d <span class=\"Apple-converted-space\">\u00a0 <\/span><\/p>\n<p>Martine GOUBATIAN, <b>Le Progres.fr.<\/b>[\/vc_column_text][\/vc_column][\/vc_row]<\/p>\n<\/div>","protected":false},"excerpt":{"rendered":"<p>[vc_row][vc_column][vc_gallery type=&#8221;flexslider_slide&#8221; interval=&#8221;0&#8243; images=&#8221;4388,4387,4384,4383,4389,4390,4391,4392,4385,4393,4394,4396,4386,4395,4397,4398&#8243; img_size=&#8221;full&#8221; onclick=&#8221;&#8221; css_animation=&#8221;slideInDown&#8221;][\/vc_column][\/vc_row][vc_row][vc_column][vc_custom_heading text=&#8221;FANDO ET LIS|OPERA DE SAINT-\u00c9TIENNE&#8221; font_container=&#8221;tag:h1|text_align:left&#8221; use_theme_fonts=&#8221;yes&#8221; css_animation=&#8221;cms_animate wow slideInRight&#8221; cms_custom_headding_type=&#8221;heading-borderleft-textbold&#8221;][\/vc_column][\/vc_row][vc_row row_mask_bg=&#8221;&#8221; row_arrow=&#8221;&#8221; css=&#8221;.vc_custom_1541351925518{padding-top: 30px !important;}&#8221;][vc_column width=&#8221;1\/2&#8243;][vc_column_text css=&#8221;.vc_custom_1541371879481{padding-left:<\/p>\n","protected":false},"author":1,"featured_media":0,"parent":3290,"menu_order":0,"comment_status":"closed","ping_status":"closed","template":"","meta":[],"_links":{"self":[{"href":"http:\/\/nicolasdescoteaux.com\/index.php?rest_route=\/wp\/v2\/pages\/3377"}],"collection":[{"href":"http:\/\/nicolasdescoteaux.com\/index.php?rest_route=\/wp\/v2\/pages"}],"about":[{"href":"http:\/\/nicolasdescoteaux.com\/index.php?rest_route=\/wp\/v2\/types\/page"}],"author":[{"embeddable":true,"href":"http:\/\/nicolasdescoteaux.com\/index.php?rest_route=\/wp\/v2\/users\/1"}],"replies":[{"embeddable":true,"href":"http:\/\/nicolasdescoteaux.com\/index.php?rest_route=%2Fwp%2Fv2%2Fcomments&post=3377"}],"version-history":[{"count":9,"href":"http:\/\/nicolasdescoteaux.com\/index.php?rest_route=\/wp\/v2\/pages\/3377\/revisions"}],"predecessor-version":[{"id":4921,"href":"http:\/\/nicolasdescoteaux.com\/index.php?rest_route=\/wp\/v2\/pages\/3377\/revisions\/4921"}],"up":[{"embeddable":true,"href":"http:\/\/nicolasdescoteaux.com\/index.php?rest_route=\/wp\/v2\/pages\/3290"}],"wp:attachment":[{"href":"http:\/\/nicolasdescoteaux.com\/index.php?rest_route=%2Fwp%2Fv2%2Fmedia&parent=3377"}],"curies":[{"name":"wp","href":"https:\/\/api.w.org\/{rel}","templated":true}]}}