{"id":3320,"date":"2018-02-17T10:40:32","date_gmt":"2018-02-17T10:40:32","guid":{"rendered":"http:\/\/nicolasdescoteaux.com\/?page_id=3320"},"modified":"2019-04-17T03:22:54","modified_gmt":"2019-04-17T03:22:54","slug":"2-archives","status":"publish","type":"page","link":"http:\/\/nicolasdescoteaux.com\/?page_id=3320","title":{"rendered":"&#8212;&#8212;- 6 &#8211; ARCHIVES &#8212;&#8212;"},"content":{"rendered":"<div class=\"wpb-content-wrapper\"><p>[vc_row row_color=&#8221;#a5a5a5&#8243; row_head_color=&#8221;#727272&#8243;][vc_column][vc_custom_heading text=&#8221; ARCHIVES `{` + `}`| ARCHIVES&#8221; font_container=&#8221;tag:h1|font_size:50|text_align:left&#8221; use_theme_fonts=&#8221;yes&#8221; cms_custom_headding_type=&#8221;heading-underline&#8221;][\/vc_column][vc_column css=&#8221;.vc_custom_1555471368960{margin-top: 0px !important;margin-bottom: 600px !important;border-top-width: 0px !important;padding-top: 100px !important;}&#8221;][cms_fancybox_single icon_fontawesome=&#8221;fa fa-road&#8221; title_item=&#8221;OUPS! D\u00c9SOL\u00c9 &#8230;&#8221; cms_fancybox_subtitle=&#8221;PAGE EN CONSTRUCTION&#8221; css_animation=&#8221;cms_animate zoomIn wow&#8221; cms_template=&#8221;cms_fancybox_single&#8211;maintenance.php&#8221; description_item=&#8221;<\/p>\n<p>Cette page est pr\u00e9sentement en construction en vue d&#8217;am\u00e9liorer ce site n&#8217;est pas donc pas disponible pour le moment. Elle sera bient\u00f4t en ligne. D\u00e9sol\u00e9 des frustrations que cela peut vous apporter et revenez voir plus tard lorsque le site sera compl\u00e9t\u00e9. Merci de votre compr\u00e9hension. &#8220;][\/vc_column][\/vc_row][vc_row row_mask_bg=&#8221;&#8221; row_arrow=&#8221;&#8221; css=&#8221;.vc_custom_1518835352659{padding-top: 50px !important;}&#8221;][vc_column width=&#8221;1\/3&#8243; css=&#8221;.vc_custom_1518838289700{padding-right: 10px !important;padding-left: 10px !important;}&#8221;][vc_single_image image=&#8221;3083&#8243; img_size=&#8221;500X350&#8243; alignment=&#8221;center&#8221; onclick=&#8221;custom_link&#8221; vc_none_hover_effect=&#8221;&#8221;][vc_custom_heading text=&#8221;Noises off!&#8221; font_container=&#8221;tag:h3|text_align:left&#8221; use_theme_fonts=&#8221;yes&#8221; css_animation=&#8221;cms_animate wow fadeInDown&#8221; cms_custom_headding_type=&#8221;heading-line&#8221; css=&#8221;.vc_custom_1527257709649{padding-right: 10px !important;}&#8221;][\/vc_column][vc_column width=&#8221;1\/3&#8243; css=&#8221;.vc_custom_1518838304569{padding-right: 10px !important;padding-left: 10px !important;}&#8221;][vc_single_image image=&#8221;3083&#8243; img_size=&#8221;500X350&#8243; alignment=&#8221;center&#8221; onclick=&#8221;custom_link&#8221; vc_none_hover_effect=&#8221;&#8221;][vc_custom_heading text=&#8221;Oreilles, tigre et bruit&#8221; font_container=&#8221;tag:h3|text_align:left&#8221; use_theme_fonts=&#8221;yes&#8221; css_animation=&#8221;cms_animate wow fadeInDown&#8221; cms_custom_headding_type=&#8221;heading-line&#8221;][\/vc_column][vc_column width=&#8221;1\/3&#8243; css=&#8221;.vc_custom_1518838317186{padding-right: 10px !important;padding-left: 10px !important;}&#8221;][vc_single_image image=&#8221;3083&#8243; img_size=&#8221;500X350&#8243; alignment=&#8221;center&#8221; onclick=&#8221;custom_link&#8221; vc_none_hover_effect=&#8221;&#8221;][vc_custom_heading text=&#8221;Lortie&#8221; font_container=&#8221;tag:h3|text_align:left&#8221; use_theme_fonts=&#8221;yes&#8221; css_animation=&#8221;cms_animate wow fadeInDown&#8221; cms_custom_headding_type=&#8221;heading-line&#8221;][\/vc_column][\/vc_row][vc_row row_mask_bg=&#8221;&#8221; row_arrow=&#8221;&#8221; css=&#8221;.vc_custom_1518835352659{padding-top: 50px !important;}&#8221;][vc_column width=&#8221;1\/3&#8243; css=&#8221;.vc_custom_1518838289700{padding-right: 10px !important;padding-left: 10px !important;}&#8221;][vc_single_image image=&#8221;3083&#8243; img_size=&#8221;500X350&#8243; alignment=&#8221;center&#8221; onclick=&#8221;custom_link&#8221; vc_none_hover_effect=&#8221;&#8221;][vc_custom_heading text=&#8221;Le Plan am\u00e9ricain&#8221; font_container=&#8221;tag:h3|text_align:left&#8221; use_theme_fonts=&#8221;yes&#8221; css_animation=&#8221;cms_animate wow fadeInDown&#8221; cms_custom_headding_type=&#8221;heading-line&#8221; css=&#8221;.vc_custom_1527257741879{padding-right: 10px !important;}&#8221;][\/vc_column][vc_column width=&#8221;1\/3&#8243; css=&#8221;.vc_custom_1518838304569{padding-right: 10px !important;padding-left: 10px !important;}&#8221;][vc_single_image image=&#8221;3083&#8243; img_size=&#8221;500X350&#8243; alignment=&#8221;center&#8221; onclick=&#8221;custom_link&#8221; vc_none_hover_effect=&#8221;&#8221;][vc_custom_heading text=&#8221;La marche de R\u00e2ma&#8221; font_container=&#8221;tag:h3|text_align:left&#8221; use_theme_fonts=&#8221;yes&#8221; css_animation=&#8221;cms_animate wow fadeInDown&#8221; cms_custom_headding_type=&#8221;heading-line&#8221;][\/vc_column][vc_column width=&#8221;1\/3&#8243; css=&#8221;.vc_custom_1518838317186{padding-right: 10px !important;padding-left: 10px !important;}&#8221;][vc_single_image image=&#8221;3083&#8243; img_size=&#8221;500X350&#8243; alignment=&#8221;center&#8221; onclick=&#8221;custom_link&#8221; vc_none_hover_effect=&#8221;&#8221;][vc_custom_heading text=&#8221;La femme d&#8217;avant&#8221; font_container=&#8221;tag:h3|text_align:left&#8221; use_theme_fonts=&#8221;yes&#8221; css_animation=&#8221;cms_animate wow fadeInDown&#8221; cms_custom_headding_type=&#8221;heading-line&#8221;][\/vc_column][\/vc_row][vc_row row_mask_bg=&#8221;&#8221; row_arrow=&#8221;&#8221; css=&#8221;.vc_custom_1518835352659{padding-top: 50px !important;}&#8221;][vc_column width=&#8221;1\/3&#8243; css=&#8221;.vc_custom_1518838289700{padding-right: 10px !important;padding-left: 10px !important;}&#8221;][vc_single_image image=&#8221;3083&#8243; img_size=&#8221;500X350&#8243; alignment=&#8221;center&#8221; onclick=&#8221;custom_link&#8221; vc_none_hover_effect=&#8221;&#8221;][vc_custom_heading text=&#8221;Le comte de Mont\u00e9-Cristo&#8221; font_container=&#8221;tag:h3|text_align:left&#8221; use_theme_fonts=&#8221;yes&#8221; css_animation=&#8221;cms_animate wow fadeInDown&#8221; cms_custom_headding_type=&#8221;heading-line&#8221; css=&#8221;.vc_custom_1527257799812{padding-right: 10px !important;}&#8221;][\/vc_column][vc_column width=&#8221;1\/3&#8243; css=&#8221;.vc_custom_1518838304569{padding-right: 10px !important;padding-left: 10px !important;}&#8221;][vc_single_image image=&#8221;3083&#8243; img_size=&#8221;500X350&#8243; alignment=&#8221;center&#8221; onclick=&#8221;custom_link&#8221; vc_none_hover_effect=&#8221;&#8221;][vc_custom_heading text=&#8221;Edmond-Dant\u00e8s&#8221; font_container=&#8221;tag:h3|text_align:left&#8221; use_theme_fonts=&#8221;yes&#8221; css_animation=&#8221;cms_animate wow fadeInDown&#8221; cms_custom_headding_type=&#8221;heading-line&#8221;][\/vc_column][vc_column width=&#8221;1\/3&#8243; css=&#8221;.vc_custom_1518838317186{padding-right: 10px !important;padding-left: 10px !important;}&#8221;][vc_single_image image=&#8221;3083&#8243; img_size=&#8221;500X350&#8243; alignment=&#8221;center&#8221; onclick=&#8221;custom_link&#8221; vc_none_hover_effect=&#8221;&#8221;][vc_custom_heading text=&#8221;Le revisor&#8221; font_container=&#8221;tag:h3|text_align:left&#8221; use_theme_fonts=&#8221;yes&#8221; css_animation=&#8221;cms_animate wow fadeInDown&#8221; cms_custom_headding_type=&#8221;heading-line&#8221;][\/vc_column][\/vc_row][vc_row row_mask_bg=&#8221;&#8221; row_arrow=&#8221;&#8221; css=&#8221;.vc_custom_1518835352659{padding-top: 50px !important;}&#8221;][vc_column width=&#8221;1\/3&#8243; css=&#8221;.vc_custom_1518838289700{padding-right: 10px !important;padding-left: 10px !important;}&#8221;][vc_single_image image=&#8221;3083&#8243; img_size=&#8221;500X350&#8243; alignment=&#8221;center&#8221; onclick=&#8221;custom_link&#8221; vc_none_hover_effect=&#8221;&#8221;][vc_custom_heading text=&#8221;Cabaret&#8221; font_container=&#8221;tag:h3|text_align:left&#8221; use_theme_fonts=&#8221;yes&#8221; css_animation=&#8221;cms_animate wow fadeInDown&#8221; cms_custom_headding_type=&#8221;heading-line&#8221; css=&#8221;.vc_custom_1527257850178{padding-right: 10px !important;}&#8221;][\/vc_column][vc_column width=&#8221;1\/3&#8243; css=&#8221;.vc_custom_1518838304569{padding-right: 10px !important;padding-left: 10px !important;}&#8221;][vc_single_image image=&#8221;3083&#8243; img_size=&#8221;500X350&#8243; alignment=&#8221;center&#8221; onclick=&#8221;custom_link&#8221; vc_none_hover_effect=&#8221;&#8221;][vc_custom_heading text=&#8221;La g\u00e9om\u00e9trie des miracles&#8221; font_container=&#8221;tag:h3|text_align:left&#8221; use_theme_fonts=&#8221;yes&#8221; css_animation=&#8221;cms_animate wow fadeInDown&#8221; cms_custom_headding_type=&#8221;heading-line&#8221;][\/vc_column][vc_column width=&#8221;1\/3&#8243; css=&#8221;.vc_custom_1518838317186{padding-right: 10px !important;padding-left: 10px !important;}&#8221;][vc_single_image image=&#8221;3083&#8243; img_size=&#8221;500X350&#8243; alignment=&#8221;center&#8221; onclick=&#8221;custom_link&#8221; vc_none_hover_effect=&#8221;&#8221;][vc_custom_heading text=&#8221;Le retour de Boris S.&#8221; font_container=&#8221;tag:h3|text_align:left&#8221; use_theme_fonts=&#8221;yes&#8221; css_animation=&#8221;cms_animate wow fadeInDown&#8221; cms_custom_headding_type=&#8221;heading-line&#8221;][\/vc_column][\/vc_row][vc_row row_mask_bg=&#8221;&#8221; row_arrow=&#8221;&#8221; css=&#8221;.vc_custom_1518835352659{padding-top: 50px !important;}&#8221;][vc_column width=&#8221;1\/3&#8243; css=&#8221;.vc_custom_1518838289700{padding-right: 10px !important;padding-left: 10px !important;}&#8221;][vc_single_image image=&#8221;3083&#8243; img_size=&#8221;500X350&#8243; alignment=&#8221;center&#8221; onclick=&#8221;custom_link&#8221; vc_none_hover_effect=&#8221;&#8221;][vc_custom_heading text=&#8221;Le ventriloque&#8221; font_container=&#8221;tag:h3|text_align:left&#8221; use_theme_fonts=&#8221;yes&#8221; css_animation=&#8221;cms_animate wow fadeInDown&#8221; cms_custom_headding_type=&#8221;heading-line&#8221; css=&#8221;.vc_custom_1527257937679{padding-right: 10px !important;}&#8221;][\/vc_column][vc_column width=&#8221;1\/3&#8243; css=&#8221;.vc_custom_1518838304569{padding-right: 10px !important;padding-left: 10px !important;}&#8221;][vc_single_image image=&#8221;3083&#8243; img_size=&#8221;500X350&#8243; alignment=&#8221;center&#8221; onclick=&#8221;custom_link&#8221; vc_none_hover_effect=&#8221;&#8221;][vc_custom_heading text=&#8221;Glou-Glou&#8221; font_container=&#8221;tag:h3|text_align:left&#8221; use_theme_fonts=&#8221;yes&#8221; css_animation=&#8221;cms_animate wow fadeInDown&#8221; cms_custom_headding_type=&#8221;heading-line&#8221;][\/vc_column][vc_column width=&#8221;1\/3&#8243; css=&#8221;.vc_custom_1518838317186{padding-right: 10px !important;padding-left: 10px !important;}&#8221;][vc_single_image image=&#8221;3083&#8243; img_size=&#8221;500X350&#8243; alignment=&#8221;center&#8221; onclick=&#8221;custom_link&#8221; vc_none_hover_effect=&#8221;&#8221;][vc_custom_heading text=&#8221;DIVERS&#8221; font_container=&#8221;tag:h3|text_align:left&#8221; use_theme_fonts=&#8221;yes&#8221; css_animation=&#8221;cms_animate wow fadeInDown&#8221; cms_custom_headding_type=&#8221;heading-line&#8221;][\/vc_column][\/vc_row]<\/p>\n<\/div>","protected":false},"excerpt":{"rendered":"<p>[vc_row row_color=&#8221;#a5a5a5&#8243; row_head_color=&#8221;#727272&#8243;][vc_column][vc_custom_heading text=&#8221; ARCHIVES `{` + `}`| ARCHIVES&#8221; font_container=&#8221;tag:h1|font_size:50|text_align:left&#8221; use_theme_fonts=&#8221;yes&#8221; cms_custom_headding_type=&#8221;heading-underline&#8221;][\/vc_column][vc_column css=&#8221;.vc_custom_1555471368960{margin-top: 0px !important;margin-bottom: 600px !important;border-top-width: 0px !important;padding-top: 100px !important;}&#8221;][cms_fancybox_single icon_fontawesome=&#8221;fa fa-road&#8221; title_item=&#8221;OUPS! D\u00c9SOL\u00c9<\/p>\n","protected":false},"author":1,"featured_media":0,"parent":0,"menu_order":0,"comment_status":"closed","ping_status":"closed","template":"","meta":[],"_links":{"self":[{"href":"http:\/\/nicolasdescoteaux.com\/index.php?rest_route=\/wp\/v2\/pages\/3320"}],"collection":[{"href":"http:\/\/nicolasdescoteaux.com\/index.php?rest_route=\/wp\/v2\/pages"}],"about":[{"href":"http:\/\/nicolasdescoteaux.com\/index.php?rest_route=\/wp\/v2\/types\/page"}],"author":[{"embeddable":true,"href":"http:\/\/nicolasdescoteaux.com\/index.php?rest_route=\/wp\/v2\/users\/1"}],"replies":[{"embeddable":true,"href":"http:\/\/nicolasdescoteaux.com\/index.php?rest_route=%2Fwp%2Fv2%2Fcomments&post=3320"}],"version-history":[{"count":11,"href":"http:\/\/nicolasdescoteaux.com\/index.php?rest_route=\/wp\/v2\/pages\/3320\/revisions"}],"predecessor-version":[{"id":4931,"href":"http:\/\/nicolasdescoteaux.com\/index.php?rest_route=\/wp\/v2\/pages\/3320\/revisions\/4931"}],"wp:attachment":[{"href":"http:\/\/nicolasdescoteaux.com\/index.php?rest_route=%2Fwp%2Fv2%2Fmedia&parent=3320"}],"curies":[{"name":"wp","href":"https:\/\/api.w.org\/{rel}","templated":true}]}}