{"id":2623,"date":"2015-09-04T16:10:33","date_gmt":"2015-09-04T09:10:33","guid":{"rendered":"http:\/\/demo.cmssuperheroes.com\/themeforest\/wp-haswell\/?page_id=2623"},"modified":"2020-04-08T17:56:37","modified_gmt":"2020-04-08T17:56:37","slug":"onepage-corporate-3","status":"publish","type":"page","link":"http:\/\/nicolasdescoteaux.com\/?page_id=2623","title":{"rendered":"\u00c0 Propos Nicko page"},"content":{"rendered":"<div class=\"wpb-content-wrapper\"><p>[vc_row][vc_column][\/vc_column][\/vc_row][vc_row animation=&#8221;cms_animate wow fadeInLeft&#8221; row_mask_bg=&#8221;&#8221; row_arrow=&#8221;&#8221; el_class=&#8221;p-100-cont&#8221;][vc_column width=&#8221;1\/3&#8243; el_class=&#8221;pb-20&#8243;][vc_custom_heading text=&#8221;NICOLAS DESCOTEAUX |DESIGN&#8221; font_container=&#8221;tag:h2|font_size:30px|text_align:left|line_height:36px&#8221; google_fonts=&#8221;font_family:Open%20Sans%3A300%2C300italic%2Cregular%2Citalic%2C600%2C600italic%2C700%2C700italic%2C800%2C800italic|font_style:300%20light%20regular%3A300%3Anormal&#8221; css_animation=&#8221;cms_animate fadeIn wow&#8221; cms_custom_headding_type=&#8221;heading-inline-borderleft-textbold heading-borderleft-textbold&#8221; css=&#8221;.vc_custom_1554983135859{margin-bottom: 0px !important;padding-top: 80px !important;}&#8221;][\/vc_column][\/vc_row][vc_row row_mask_bg=&#8221;&#8221; row_arrow=&#8221;&#8221; css=&#8221;.vc_custom_1537631662250{background-color: #eeeeee !important;}&#8221; row_id=&#8221;services-link&#8221;][vc_column offset=&#8221;vc_col-lg-5 vc_col-md-5&#8243; el_class=&#8221;cms-abs-992&#8243;][vc_single_image image=&#8221;3748&#8243; img_size=&#8221;500X630&#8243; css_animation=&#8221;cms_animate fadeIn wow&#8221; vc_none_hover_effect=&#8221;&#8221; css=&#8221;.vc_custom_1555509166923{border-top-width: px !important;padding-top: 50px !important;}&#8221;][\/vc_column][vc_column offset=&#8221;vc_col-md-offset-6 vc_col-md-5&#8243; css=&#8221;.vc_custom_1537632683690{padding-top: 0px !important;padding-right: 15px !important;padding-bottom: 0px !important;padding-left: 15px !important;}&#8221;][vc_custom_heading text=&#8221;Qui, quoi, quand, comment, pourquoi&#8230;&#8221; font_container=&#8221;tag:h2|font_size:32px|text_align:left|line_height:45px&#8221; google_fonts=&#8221;font_family:Lato%3A100%2C100italic%2C300%2C300italic%2Cregular%2Citalic%2C700%2C700italic%2C900%2C900italic|font_style:300%20light%20regular%3A300%3Anormal&#8221; css_animation=&#8221;cms_animate wow fadeInRight&#8221; css=&#8221;.vc_custom_1537658306781{margin-bottom: 40px !important;}&#8221;][vc_column_text css_animation=&#8221;fadeIn&#8221; css=&#8221;.vc_custom_1555509091094{margin-bottom: 60px !important;}&#8221;]J\u2019obscurcis, j\u2019\u00e9claircis, je colore et peins les volumes, les corps, les architectures et les dramaturgies \u00e0 la sc\u00e8ne, depuis bient\u00f4t trente ans, pour une vaste vari\u00e9t\u00e9 de productions en op\u00e9ra, en th\u00e9\u00e2tre, et en art du cirque, comptabilisant pr\u00e8s de deux cents cr\u00e9ations originales.<\/p>\n<p>Avec mes pinceaux de lumi\u00e8re, j\u2019aime guider le spectateur \u00e0 travers la mise en sc\u00e8ne et la dramaturgie en cr\u00e9ant tension, beaut\u00e9, cruaut\u00e9, sugg\u00e9rant le r\u00e9el ou le myst\u00e9rieux. J\u2019applique des touches d\u00e9licates d\u2019ombres et de lumi\u00e8res et peins les artistes comme les d\u00e9cors sur sc\u00e8ne pour r\u00e9v\u00e9ler une image tridimensionnelle et rejoindre les spectateurs dans des tableaux vivants, d\u00e9voilant ainsi une trame sous-jacente. Par le truchement de la lumi\u00e8re, faire jaillir les impressions, les perceptions et le ressenti dans l\u2019imaginaire et l\u2019inconscient du spectateur.<\/p>\n<p>En lumi\u00e8re, j\u2019essaie le plus possible de traduire cet \u00e9tat en appliquant diff\u00e9rents contrastes ; textures, couleurs, angles, intensit\u00e9s.<\/p>\n<p>Ma fascination pour la lumi\u00e8re m\u2019a men\u00e9 naturellement et in\u00e9luctablement \u00e0 la photographie qui est une autre avenue dans ma carri\u00e8re de cr\u00e9ateur.<span class=\"Apple-converted-space\">\u00a0<\/span><\/p>\n<p>Je poursuis ma qu\u00eate de peintre de l\u2019\u00e9ph\u00e9m\u00e8re sur les sc\u00e8nes du monde, cr\u00e9ant avec passion et authenticit\u00e9.[\/vc_column_text][\/vc_column][\/vc_row][vc_row el_class=&#8221;fes4-cont&#8221; css=&#8221;.vc_custom_1441358038926{border-top-width: 1px !important;border-top-color: #eeeeee !important;border-top-style: solid !important;}&#8221; row_id=&#8221;work-process-link&#8221;][vc_column width=&#8221;1\/3&#8243;][vc_custom_heading text=&#8221;PROCESSUS|CR\u00c9ATIF&#8221; font_container=&#8221;tag:h2|font_size:30px|text_align:left|line_height:36px&#8221; google_fonts=&#8221;font_family:Open%20Sans%3A300%2C300italic%2Cregular%2Citalic%2C600%2C600italic%2C700%2C700italic%2C800%2C800italic|font_style:300%20light%20regular%3A300%3Anormal&#8221; css_animation=&#8221;cms_animate wow fadeInLeft&#8221; cms_custom_headding_type=&#8221;heading-inline-borderleft-textbold heading-borderleft-textbold&#8221; css=&#8221;.vc_custom_1537660978854{margin-bottom: 50px !important;}&#8221;][vc_column_text css_animation=&#8221;fadeIn&#8221; css=&#8221;.vc_custom_1555509458572{margin-bottom: 50px !important;}&#8221;]Le r\u00f4le premier de l\u2019\u00e9clairagiste pourrait se r\u00e9sumer \u00e0 ceci :<span class=\"Apple-converted-space\">\u00a0 <\/span>\u00e9clairer les artistes et les d\u00e9cors sur sc\u00e8ne pour que le spectateur puisse les voir!<span class=\"Apple-converted-space\">\u00a0<\/span><\/p>\n<p>Certes, mais comment? La r\u00e9ponse la plus simple serait en allumant la lumi\u00e8re! Mais o\u00f9 se trouve cette lumi\u00e8re? Au plafond, au sol, en contre jour, sur le cot\u00e9, au pied du com\u00e9dien, suspendu juste au-dessus de sa t\u00eate?<\/p>\n<p>Et puis quand doit-on l\u2019allumer cette lumi\u00e8re? Au d\u00e9but du spectacle, apr\u00e8s le prologue pour marquer davantage le texte et ensuite r\u00e9v\u00e9ler le sujet? Est-ce qu\u2019elle se ferme \u00e0 la fin du spectacle ou plusieurs fois durant la repr\u00e9sentation, marquant le temps qui passe dans une sorte d\u2019ellipse temporelle? Et l\u2019intensit\u00e9 de cette lumi\u00e8re sera-t-elle vive, brillante, tr\u00e8s sombre, myst\u00e9rieuse? Et ces diff\u00e9rents niveaux lumineux arriveront sur le texte, l\u2019action sur sc\u00e8ne, la musique? Et quand exactement? Et comment pr\u00e9cis\u00e9ment? Et en combien de temps?<\/p>\n<p>Et laquelle doit-on allumer en premier! En supposant qu\u2019il y en ait plus qu\u2019une!<\/p>\n<p>Et parce que l\u2019art de la repr\u00e9sentation est un art collectif o\u00f9 plusieurs intervenants participent, il y a fort \u00e0 parier qu\u2019il y aura un \u201cpourquoi\u201d qui \u00e9manera du noir. Pourquoi plus celle-ci que celle-l\u00e0? Et une d\u00e9cision devra donc \u00eatre prise en fonction d\u2019un choix esth\u00e9tique, ethique ou purement pratique. Une grande partie du travail de l\u2019\u00e9clairagiste est de faire des choix. Les probl\u00e9matiques de l\u2019\u00e9clairement restent les m\u00eames, qu\u2019il y ait une seule source ou une multitude.[\/vc_column_text][\/vc_column][vc_column css_animation=&#8221;cms_animate wow fadeInRight&#8221; width=&#8221;7\/12&#8243; offset=&#8221;vc_col-lg-offset-1&#8243; css=&#8221;.vc_custom_1537660943036{padding-top: 100px !important;padding-right: 5px !important;padding-left: 5px !important;}&#8221;][vc_row_inner][vc_column_inner width=&#8221;1\/2&#8243;][cms_fancybox_single icon_type=&#8221;lineaicon&#8221; title_item=&#8221;REFLECTIONS&#8221; cms_fancybox_subtitle=&#8221;GESTATIONS DES ID\u00c9ES&#8221; icon_lineaicon=&#8221;icon icon-basic-lightbulb&#8221; css_animation=&#8221;cms_animate fadeIn wow&#8221; cms_template=&#8221;cms_fancybox_single&#8211;layout3.php&#8221; description_item=&#8221;Prendre connaissance du l&#8217;oeuvre par le texte, la musique, l&#8217;histoire ou les diff\u00e9rentes disciplines artistique et laisser l&#8217;imagination faire sont long processus.&#8221;][\/vc_column_inner][vc_column_inner width=&#8221;1\/2&#8243;][cms_fancybox_single icon_type=&#8221;lineaicon&#8221; title_item=&#8221;DEVELOPMENT&#8221; cms_fancybox_subtitle=&#8221;RECHERCHE DU CONTENU VISUEL&#8221; icon_lineaicon=&#8221;icon icon-basic-gear&#8221; css_animation_delay=&#8221;200ms&#8221; css_animation=&#8221;cms_animate fadeIn wow&#8221; cms_template=&#8221;cms_fancybox_single&#8211;layout3.php&#8221; description_item=&#8221;Recherche d&#8217;inspiration de formes, de palette de couleurs, de texture \u00e0 partager avec l&#8217;\u00e9quipe cr\u00e9atrice du projet. \u00c9tudes de l&#8217;espace, du budget et de la faisabilit\u00e9.&#8221;][\/vc_column_inner][\/vc_row_inner][vc_row_inner][vc_column_inner width=&#8221;1\/2&#8243;][cms_fancybox_single content_align=&#8221;left&#8221; icon_type=&#8221;lineaicon&#8221; title_item=&#8221;FAISSABILIT\u00c9&#8221; cms_fancybox_subtitle=&#8221;BUDGET ET ESSAIS&#8221; icon_lineaicon=&#8221;icon icon-arrows-compress&#8221; css_animation=&#8221;cms_animate fadeIn wow&#8221; cms_template=&#8221;cms_fancybox_single&#8211;layout3.php&#8221; description_item=&#8221;\u00c9valuation des budgets, des ressources humaines, temporelles et mat\u00e9rielles disponible pour la r\u00e9alisation du concept. Cotations pour \u00e9quipements en achat et location.&#8221;][\/vc_column_inner][vc_column_inner width=&#8221;1\/2&#8243;][cms_fancybox_single icon_type=&#8221;lineaicon&#8221; title_item=&#8221;R\u00c9P\u00c9TITIONS&#8221; cms_fancybox_subtitle=&#8221;OBSERVATION SPATIALE&#8221; icon_lineaicon=&#8221;icon icon-arrows-clockwise&#8221; css_animation_delay=&#8221;200ms&#8221; css_animation=&#8221;cms_animate fadeIn wow&#8221; cms_template=&#8221;cms_fancybox_single&#8211;layout3.php&#8221; description_item=&#8221;\u00c9tude et observation de la dramaturgie du spectacle dans la mise en sc\u00e8ne. Rep\u00e9rage de la mise en place pour parall\u00e8lement l&#8217;implantation lumineuse et l&#8217;\u00e9laboration de la liste des effets.&#8221;][\/vc_column_inner][\/vc_row_inner][vc_row_inner][vc_column_inner width=&#8221;1\/2&#8243;][cms_fancybox_single icon_type=&#8221;lineaicon&#8221; title_item=&#8221;CONCEPTION&#8221; cms_fancybox_subtitle=&#8221;PLANS ET PROGRAMMATION&#8221; icon_lineaicon=&#8221;icon icon-basic-laptop&#8221; css_animation=&#8221;cms_animate fadeIn wow&#8221; cms_template=&#8221;cms_fancybox_single&#8211;layout3.php&#8221; description_item=&#8221;\u00c9laboration des syst\u00e8mes coh\u00e9rent d&#8217;\u00e9clairement du projet et r\u00e9daction du plan d&#8217;\u00e9clairage. \u00c9laboration de la liste des effets. D\u00e9but de la pr\u00e9-programmation.&#8221;][\/vc_column_inner][vc_column_inner width=&#8221;1\/2&#8243;][cms_fancybox_single icon_type=&#8221;lineaicon&#8221; title_item=&#8221;R\u00c9ALISATION&#8221; cms_fancybox_subtitle=&#8221;MONTAGE ET R\u00c9P\u00c9TITIONS FINALES&#8221; icon_lineaicon=&#8221;icon icon-basic-paperplane&#8221; css_animation_delay=&#8221;200ms&#8221; css_animation=&#8221;cms_animate fadeIn wow&#8221; cms_template=&#8221;cms_fancybox_single&#8211;layout3.php&#8221; description_item=&#8221;Montage, r\u00e9glages lumi\u00e8res, validations du concept, programmation, r\u00e9p\u00e9titions dans le d\u00e9cor avec lumi\u00e8re, son, vid\u00e9o, effets sp\u00e9ciaux, machinerie, volerie. Le grand entonnoir jusqu&#8217;\u00e0 la Grande Premi\u00e8re!&#8221;][\/vc_column_inner][\/vc_row_inner][\/vc_column][\/vc_row][vc_row animation=&#8221;cms_animate wow fadeInUp&#8221; row_mask_bg=&#8221;&#8221; row_arrow=&#8221;&#8221; el_class=&#8221;p-40-cont&#8221; css=&#8221;.vc_custom_1542449380935{background-color: #eeeeee !important;}&#8221;][vc_column][\/vc_column][\/vc_row][vc_row animation=&#8221;cms_animate wow fadeInLeft&#8221; row_mask_bg=&#8221;&#8221; row_arrow=&#8221;&#8221; css=&#8221;.vc_custom_1537711401967{border-top-width: 1px !important;padding-top: 120px !important;border-top-color: #eeeeee !important;border-top-style: solid !important;}&#8221; row_id=&#8221;work-process-link&#8221;][vc_column][vc_custom_heading text=&#8221;LES|CLIENTS&#8221; font_container=&#8221;tag:h2|font_size:30px|text_align:left|line_height:36px&#8221; google_fonts=&#8221;font_family:Open%20Sans%3A300%2C300italic%2Cregular%2Citalic%2C600%2C600italic%2C700%2C700italic%2C800%2C800italic|font_style:300%20light%20regular%3A300%3Anormal&#8221; css_animation=&#8221;cms_animate fadeIn wow&#8221; cms_custom_headding_type=&#8221;heading-inline-borderleft-textbold heading-borderleft-textbold&#8221; cms_heading_block=&#8221;true&#8221; css=&#8221;.vc_custom_1537658146773{margin-bottom: 50px !important;}&#8221;][\/vc_column][\/vc_row][vc_row animation=&#8221;cms_animate fadeIn wow&#8221; row_mask_bg=&#8221;&#8221; row_arrow=&#8221;true&#8221; css=&#8221;.vc_custom_1537711385567{padding-top: 50px !important;padding-right: 10px !important;padding-bottom: 100px !important;padding-left: 10px !important;}&#8221;][vc_column width=&#8221;1\/6&#8243;][vc_single_image image=&#8221;3827&#8243; onclick=&#8221;custom_link&#8221; vc_none_hover_effect=&#8221;&#8221; link=&#8221;http:\/\/www.operanationaldurhin.eu\/index.html&#8221;][vc_single_image image=&#8221;5106&#8243; add_caption=&#8221;yes&#8221; alignment=&#8221;center&#8221; onclick=&#8221;custom_link&#8221; img_link_target=&#8221;_blank&#8221; vc_none_hover_effect=&#8221;&#8221; link=&#8221;https:\/\/www.operademontreal.com\/&#8221;][vc_single_image image=&#8221;3831&#8243; onclick=&#8221;custom_link&#8221; vc_none_hover_effect=&#8221;&#8221; link=&#8221;https:\/\/tnm.qc.ca&#8221;][vc_single_image image=&#8221;3830&#8243; add_caption=&#8221;yes&#8221; alignment=&#8221;center&#8221; onclick=&#8221;custom_link&#8221; img_link_target=&#8221;_blank&#8221; vc_none_hover_effect=&#8221;&#8221; css=&#8221;.vc_custom_1537677004074{padding-right: 0px !important;padding-left: 0px !important;}&#8221; link=&#8221;th\u00e9\u00e2tre prospero&#8221;][\/vc_column][vc_column width=&#8221;1\/6&#8243;][vc_single_image image=&#8221;3826&#8243; add_caption=&#8221;yes&#8221; alignment=&#8221;center&#8221; onclick=&#8221;custom_link&#8221; img_link_target=&#8221;_blank&#8221; vc_none_hover_effect=&#8221;&#8221; link=&#8221;https:\/\/www.opera-bordeaux.com&#8221;][vc_single_image image=&#8221;5104&#8243; onclick=&#8221;custom_link&#8221; vc_none_hover_effect=&#8221;&#8221; link=&#8221;https:\/\/www.athenee-theatre.com&#8221;][vc_single_image image=&#8221;5103&#8243; onclick=&#8221;custom_link&#8221; vc_none_hover_effect=&#8221;&#8221; link=&#8221;http:\/\/lacaserne.net\/index2.php\/&#8221;][vc_single_image image=&#8221;3816&#8243; add_caption=&#8221;yes&#8221; alignment=&#8221;center&#8221; onclick=&#8221;custom_link&#8221; img_link_target=&#8221;_blank&#8221; vc_none_hover_effect=&#8221;&#8221; link=&#8221;https:\/\/theatredaujourdhui.qc.ca&#8221;][\/vc_column][vc_column width=&#8221;1\/6&#8243;][vc_single_image image=&#8221;5108&#8243; add_caption=&#8221;yes&#8221; alignment=&#8221;center&#8221; onclick=&#8221;custom_link&#8221; img_link_target=&#8221;_blank&#8221; vc_none_hover_effect=&#8221;&#8221; link=&#8221;https:\/\/www.theatreducapitole.fr&#8221;][vc_single_image image=&#8221;3814&#8243; add_caption=&#8221;yes&#8221; alignment=&#8221;center&#8221; onclick=&#8221;custom_link&#8221; img_link_target=&#8221;_blank&#8221; vc_none_hover_effect=&#8221;&#8221; link=&#8221;https:\/\/www.cirquedusoleil.com\/fr&#8221;][vc_single_image image=&#8221;3829&#8243; onclick=&#8221;custom_link&#8221; vc_none_hover_effect=&#8221;&#8221; link=&#8221;https:\/\/www.denise-pelletier.qc.ca&#8221;][vc_single_image image=&#8221;4935&#8243; add_caption=&#8221;yes&#8221; alignment=&#8221;center&#8221; onclick=&#8221;custom_link&#8221; img_link_target=&#8221;_blank&#8221; vc_none_hover_effect=&#8221;&#8221; link=&#8221;https:\/\/www.lezardsquibougent.com&#8221;][\/vc_column][vc_column width=&#8221;1\/6&#8243;][vc_single_image image=&#8221;3825&#8243; add_caption=&#8221;yes&#8221; alignment=&#8221;center&#8221; onclick=&#8221;custom_link&#8221; img_link_target=&#8221;_blank&#8221; vc_none_hover_effect=&#8221;&#8221; link=&#8221;http:\/\/www.opera.saint-etienne.fr\/otse\/&#8221;][vc_single_image image=&#8221;3817&#8243; add_caption=&#8221;yes&#8221; alignment=&#8221;center&#8221; onclick=&#8221;custom_link&#8221; img_link_target=&#8221;_blank&#8221; vc_none_hover_effect=&#8221;&#8221; link=&#8221;https:\/\/www.cirque-eloize.com\/fr\/spectacles-billets\/&#8221;][vc_single_image image=&#8221;3820&#8243; onclick=&#8221;custom_link&#8221; vc_none_hover_effect=&#8221;&#8221; link=&#8221;https:\/\/grutli.ch&#8221;][vc_single_image image=&#8221;3811&#8243; add_caption=&#8221;yes&#8221; alignment=&#8221;center&#8221; onclick=&#8221;custom_link&#8221; img_link_target=&#8221;_blank&#8221; vc_none_hover_effect=&#8221;&#8221; link=&#8221;http:\/\/www.chantslibres.org&#8221;][\/vc_column][vc_column width=&#8221;1\/6&#8243;][vc_single_image image=&#8221;3824&#8243; add_caption=&#8221;yes&#8221; alignment=&#8221;center&#8221; onclick=&#8221;custom_link&#8221; img_link_target=&#8221;_blank&#8221; vc_none_hover_effect=&#8221;&#8221; link=&#8221;http:\/\/www.operalimoges.fr&#8221;][vc_single_image image=&#8221;3833&#8243; add_caption=&#8221;yes&#8221; alignment=&#8221;center&#8221; onclick=&#8221;custom_link&#8221; img_link_target=&#8221;_blank&#8221; vc_none_hover_effect=&#8221;&#8221; link=&#8221;https:\/\/www.45degres.ca&#8221;][vc_single_image image=&#8221;3821&#8243; add_caption=&#8221;yes&#8221; alignment=&#8221;center&#8221; onclick=&#8221;custom_link&#8221; img_link_target=&#8221;_blank&#8221; vc_none_hover_effect=&#8221;&#8221; link=&#8221;http:\/\/lessongesturbulents.com\/fr\/79-compagnie&#8221;][vc_single_image image=&#8221;3823&#8243; add_caption=&#8221;yes&#8221; alignment=&#8221;center&#8221; onclick=&#8221;custom_link&#8221; img_link_target=&#8221;_blank&#8221; vc_none_hover_effect=&#8221;&#8221; link=&#8221;http:\/\/www.nte.qc.ca&#8221;][\/vc_column][vc_column width=&#8221;1\/6&#8243;][vc_single_image image=&#8221;3815&#8243; add_caption=&#8221;yes&#8221; alignment=&#8221;center&#8221; onclick=&#8221;custom_link&#8221; img_link_target=&#8221;_blank&#8221; vc_none_hover_effect=&#8221;&#8221; link=&#8221;http:\/\/www.espacejeanlegendre.com\/saison-theatre-imperial&#8221;][vc_single_image image=&#8221;3813&#8243; add_caption=&#8221;yes&#8221; alignment=&#8221;center&#8221; onclick=&#8221;custom_link&#8221; img_link_target=&#8221;_blank&#8221; vc_none_hover_effect=&#8221;&#8221; link=&#8221;https:\/\/www.cirquealfonse.com&#8221;][vc_single_image image=&#8221;3828&#8243; add_caption=&#8221;yes&#8221; alignment=&#8221;center&#8221; onclick=&#8221;custom_link&#8221; img_link_target=&#8221;_blank&#8221; vc_none_hover_effect=&#8221;&#8221; link=&#8221;https:\/\/www.segalcentre.org\/fr\/&#8221;][vc_single_image image=&#8221;3809&#8243; add_caption=&#8221;yes&#8221; alignment=&#8221;center&#8221; onclick=&#8221;custom_link&#8221; img_link_target=&#8221;_blank&#8221; vc_none_hover_effect=&#8221;&#8221; link=&#8221;http:\/\/www.banq.qc.ca\/accueil\/&#8221;][\/vc_column][\/vc_row][vc_row full_width=&#8221;1&#8243; row_mask_bg=&#8221;&#8221; row_arrow=&#8221;&#8221; css=&#8221;.vc_custom_1537644704768{padding-top: 50px !important;}&#8221;][vc_column][vc_btn title=&#8221;&#8221; style=&#8221;cms-viewall&#8221; align=&#8221;center&#8221; color_viewall=&#8221;dark&#8221; button_block=&#8221;true&#8221; link=&#8221;url:%23||&#8221;][\/vc_column][\/vc_row][vc_row full_width=&#8221;1&#8243; full_height=&#8221;yes&#8221; row_id=&#8221;contact-link&#8221;][vc_column][\/vc_column][\/vc_row][vc_row css=&#8221;.vc_custom_1441070820414{padding-top: 80px !important;padding-bottom: 80px !important;background-color: #eeeeee !important;}&#8221;][vc_column width=&#8221;1\/3&#8243;][cms_contact_info title=&#8221;adresse&#8221; icon_type=&#8221;lineaicon&#8221; icon_lineaicon=&#8221;icon icon-basic-map&#8221; content_item=&#8221;790 FOLSOM AVE, SAN FRANCISCO&#8221; cms_template=&#8221;cms_contact_info.php&#8221;]MONTR\u00c9AL,<\/p>\n<p>QU\u00c9BEC, CANADA[\/cms_contact_info][\/vc_column][vc_column width=&#8221;1\/3&#8243;][cms_contact_info title=&#8221;email&#8221; icon_type=&#8221;lineaicon&#8221; icon_lineaicon=&#8221;icon icon-basic-mail&#8221; cms_template=&#8221;cms_contact_info.php&#8221;]<a href=\"mailto:info@haswell.com\">NICO@NICOLASDESCOTEAUX.COM<\/a>[\/cms_contact_info][\/vc_column][vc_column width=&#8221;1\/3&#8243;][cms_contact_info title=&#8221;APPELEZ &#8211; MOI&#8221; icon_type=&#8221;lineaicon&#8221; icon_lineaicon=&#8221;icon icon-basic-smartphone&#8221; cms_template=&#8221;cms_contact_info.php&#8221;]+1 514-892-4212[\/cms_contact_info][\/vc_column][\/vc_row][vc_row css=&#8221;.vc_custom_1441071652447{padding-top: 110px !important;padding-bottom: 80px !important;}&#8221;][vc_column]<div role=\"form\" class=\"wpcf7\" id=\"wpcf7-f2264-o1\" lang=\"en-US\" dir=\"ltr\">\n<div class=\"screen-reader-response\" role=\"alert\" aria-live=\"polite\"><\/div>\n<form action=\"\/index.php?rest_route=%2Fwp%2Fv2%2Fpages%2F2623#wpcf7-f2264-o1\" method=\"post\" class=\"wpcf7-form init\" novalidate=\"novalidate\">\n<div style=\"display: none;\">\n<input type=\"hidden\" name=\"_wpcf7\" value=\"2264\" \/>\n<input type=\"hidden\" name=\"_wpcf7_version\" value=\"5.2.1\" \/>\n<input type=\"hidden\" name=\"_wpcf7_locale\" value=\"en_US\" \/>\n<input type=\"hidden\" name=\"_wpcf7_unit_tag\" value=\"wpcf7-f2264-o1\" \/>\n<input type=\"hidden\" name=\"_wpcf7_container_post\" value=\"0\" \/>\n<input type=\"hidden\" name=\"_wpcf7_posted_data_hash\" value=\"\" \/>\n<\/div>\n<div class=\"col-sx-12 col-sm-12 col-md-6 col-lg-6\">\n<div class=\"row\">\n<div class=\"col-sx-12 col-sm-12 col-md-12 col-lg-12\">\n<span class=\"wpcf7-form-control-wrap name\"><input type=\"text\" name=\"name\" value=\"\" size=\"40\" class=\"wpcf7-form-control wpcf7-text wpcf7-validates-as-required form-control\" aria-required=\"true\" aria-invalid=\"false\" placeholder=\"NAME\" \/><\/span>\n<\/div>\n<div class=\"col-sx-12 col-sm-12 col-md-12 col-lg-12\">\n<span class=\"wpcf7-form-control-wrap email\"><input type=\"email\" name=\"email\" value=\"\" size=\"40\" class=\"wpcf7-form-control wpcf7-text wpcf7-email wpcf7-validates-as-required wpcf7-validates-as-email form-control\" aria-required=\"true\" aria-invalid=\"false\" placeholder=\"EMAIL\" \/><\/span>\n<\/div>\n<\/div>\n<\/div>\n<div class=\"col-sx-12 col-sm-12 col-md-6 col-lg-6\">\n<div class=\"row\">\n<div class=\"col-sx-12 col-sm-12 col-md-12 col-lg-12\">\n<span class=\"wpcf7-form-control-wrap message\"><textarea name=\"message\" cols=\"40\" rows=\"4\" class=\"wpcf7-form-control wpcf7-textarea form-control contact-1-custom\" aria-invalid=\"false\" placeholder=\"MESSAGE\"><\/textarea><\/span><\/p>\n<\/div>\n<div class=\"col-sx-12 col-sm-12 col-md-12 col-lg-12\">\n<input type=\"submit\" value=\"SEND MESSAGE\" class=\"wpcf7-form-control wpcf7-submit pull-right cms-button md cms-default btn-icon-animate gray\" \/>\n<\/div>\n<\/div>\n<\/div>\n<p style=\"display: none !important;\" class=\"akismet-fields-container\" data-prefix=\"_wpcf7_ak_\"><label>&#916;<textarea name=\"_wpcf7_ak_hp_textarea\" cols=\"45\" rows=\"8\" maxlength=\"100\"><\/textarea><\/label><input type=\"hidden\" id=\"ak_js_1\" name=\"_wpcf7_ak_js\" value=\"144\"\/><script>document.getElementById( \"ak_js_1\" ).setAttribute( \"value\", ( new Date() ).getTime() );<\/script><\/p><div class=\"wpcf7-response-output\" role=\"alert\" aria-hidden=\"true\"><\/div><\/form><\/div>[\/vc_column][\/vc_row]<\/p>\n<\/div>","protected":false},"excerpt":{"rendered":"<p>[vc_row][vc_column][\/vc_column][\/vc_row][vc_row animation=&#8221;cms_animate wow fadeInLeft&#8221; row_mask_bg=&#8221;&#8221; row_arrow=&#8221;&#8221; el_class=&#8221;p-100-cont&#8221;][vc_column width=&#8221;1\/3&#8243; el_class=&#8221;pb-20&#8243;][vc_custom_heading text=&#8221;NICOLAS DESCOTEAUX |DESIGN&#8221; font_container=&#8221;tag:h2|font_size:30px|text_align:left|line_height:36px&#8221; google_fonts=&#8221;font_family:Open%20Sans%3A300%2C300italic%2Cregular%2Citalic%2C600%2C600italic%2C700%2C700italic%2C800%2C800italic|font_style:300%20light%20regular%3A300%3Anormal&#8221; css_animation=&#8221;cms_animate fadeIn wow&#8221; cms_custom_headding_type=&#8221;heading-inline-borderleft-textbold heading-borderleft-textbold&#8221; css=&#8221;.vc_custom_1554983135859{margin-bottom: 0px !important;padding-top: 80px !important;}&#8221;][\/vc_column][\/vc_row][vc_row row_mask_bg=&#8221;&#8221;<\/p>\n","protected":false},"author":1,"featured_media":0,"parent":0,"menu_order":0,"comment_status":"closed","ping_status":"closed","template":"","meta":[],"_links":{"self":[{"href":"http:\/\/nicolasdescoteaux.com\/index.php?rest_route=\/wp\/v2\/pages\/2623"}],"collection":[{"href":"http:\/\/nicolasdescoteaux.com\/index.php?rest_route=\/wp\/v2\/pages"}],"about":[{"href":"http:\/\/nicolasdescoteaux.com\/index.php?rest_route=\/wp\/v2\/types\/page"}],"author":[{"embeddable":true,"href":"http:\/\/nicolasdescoteaux.com\/index.php?rest_route=\/wp\/v2\/users\/1"}],"replies":[{"embeddable":true,"href":"http:\/\/nicolasdescoteaux.com\/index.php?rest_route=%2Fwp%2Fv2%2Fcomments&post=2623"}],"version-history":[{"count":74,"href":"http:\/\/nicolasdescoteaux.com\/index.php?rest_route=\/wp\/v2\/pages\/2623\/revisions"}],"predecessor-version":[{"id":5111,"href":"http:\/\/nicolasdescoteaux.com\/index.php?rest_route=\/wp\/v2\/pages\/2623\/revisions\/5111"}],"wp:attachment":[{"href":"http:\/\/nicolasdescoteaux.com\/index.php?rest_route=%2Fwp%2Fv2%2Fmedia&parent=2623"}],"curies":[{"name":"wp","href":"https:\/\/api.w.org\/{rel}","templated":true}]}}